{"id":128,"date":"2022-03-18T20:29:56","date_gmt":"2022-03-18T19:29:56","guid":{"rendered":"https:\/\/dorfgemeinschaft-ottersberg.de\/?page_id=128"},"modified":"2022-05-14T11:56:22","modified_gmt":"2022-05-14T09:56:22","slug":"impressum","status":"publish","type":"page","link":"https:\/\/dorfgemeinschaft-ottersberg.de\/?page_id=128","title":{"rendered":"IMPRESSUM"},"content":{"rendered":"<div data-colibri-id=\"128-c1\" class=\"style-244 style-local-128-c1 position-relative\">\n  <!---->\n  <div data-colibri-component=\"section\" data-colibri-id=\"128-c2\" id=\"custom\" class=\"h-section h-section-global-spacing d-flex align-items-lg-center align-items-md-center align-items-center style-245 style-local-128-c2 position-relative\">\n    <!---->\n    <!---->\n    <div class=\"h-section-grid-container h-section-boxed-container\">\n      <!---->\n      <div data-colibri-id=\"128-c3\" class=\"h-row-container gutters-row-lg-2 gutters-row-md-2 gutters-row-0 gutters-row-v-lg-2 gutters-row-v-md-2 gutters-row-v-2 style-246 style-local-128-c3 position-relative\">\n        <!---->\n        <div class=\"h-row justify-content-lg-center justify-content-md-center justify-content-center align-items-lg-stretch align-items-md-stretch align-items-stretch gutters-col-lg-2 gutters-col-md-2 gutters-col-0 gutters-col-v-lg-2 gutters-col-v-md-2 gutters-col-v-2\">\n          <!---->\n          <div class=\"h-column h-column-container d-flex h-col-lg-auto h-col-md-auto h-col-auto style-247-outer style-local-128-c4-outer\">\n            <div data-colibri-id=\"128-c4\" class=\"d-flex h-flex-basis h-column__inner h-px-lg-2 h-px-md-2 h-px-2 v-inner-lg-2 v-inner-md-2 v-inner-2 style-247 style-local-128-c4 position-relative\">\n              <!---->\n              <!---->\n              <div class=\"w-100 h-y-container h-column__content h-column__v-align flex-basis-100 align-self-lg-start align-self-md-start align-self-start\">\n                <!---->\n                <div data-colibri-id=\"128-c5\" class=\"h-text h-text-component style-248 style-local-128-c5 position-relative h-element\">\n                  <!---->\n                  <!---->\n                  <div class=\"\">\n                    <h2>Anschrift:<\/h2>\n                    <p>Dorfgemeinschaft Ottersberg e.V.<\/p>\n                    <p>Michael Hirthammer<\/p>\n                    <p>An der Leiten 19a\n                      <br>85652 Pliening<\/p>\n                    <p>kontakt[at]dorfgemeinschaft-ottersberg.de\n                      <br>www.dorfgemeinschaft-ottersberg.de<\/p>\n                    <p>\n                      <br>\n                    <\/p>\n                    <p>Haftungshinweis:<\/p>\n                    <p><span style=\"font-weight: 400; font-size: 11.2px; font-family: &quot;Trebuchet MS&quot;, Arial, Helvetica, sans-serif; color: rgb(72, 72, 72);\">Trotz sorgf\u00e4ltiger inhaltlicher Kontrolle \u00fcbernehmen wir keine Haftung f\u00fcr die Inhalte externer Links. F\u00fcr den Inhalt der verlinkten Seiten sind ausschlie\u00dflich deren Betreiber verantwortlich.<\/span><\/p>\n                    <p>Rechtshinweise:<\/p>\n                    <p><span style=\"color: rgb(72, 72, 72); font-family: &quot;Trebuchet MS&quot;, Arial, Helvetica, sans-serif; font-size: 11.2px; font-weight: 400;\">Mit Urteil vom 12. Mai 1998 &#8211; AZ 312 O 85\/98 &#8211; &#8220;Haftung f\u00fcr Links&#8221; hat das Landgericht (LG) Hamburg entschieden, dass man durch die Anbringung eines Links, die Inhalte der gelinkten Seite ggf. mit zu verantworten hat. Dies kann &#8211; so das LG &#8211; nur dadurch verhindert werden, dass man sich ausdr\u00fccklich von diesen Inhalten distanziert. Hiermit distanzieren wir uns ausdr\u00fccklich von allen Inhalten aller gelinkten Seiten auf unserer Homepage und machen uns diese Inhalte nicht zu eigen. Diese Erkl\u00e4rung gilt f\u00fcr alle auf dieser Website angebrachten Links. Des Weiteren k\u00f6nnen diese Web-Seiten ohne Wissen der Inhabers dieser Webseiten von einer anderen Seite mittels Hyperlink angeklickt worden sein. Der Inhaber dieser Webseiten \u00fcbernimmt keine Verantwortung f\u00fcr Darstellung, Inhalt oder irgendeine Verbindung dieses Internetauftritt in Web-Seiten Dritter.<\/span><\/p>\n                    <p>Haftungsausschluss:<\/p>\n                    <p><span style=\"font-weight: 400; font-size: 11.2px; font-family: &quot;Trebuchet MS&quot;, Arial, Helvetica, sans-serif; color: rgb(72, 72, 72);\">Die bereitgestellten Informationen auf dieser Website wurden sorgf\u00e4ltig gepr\u00fcft und werden regelm\u00e4\u00dfig aktualisiert. Jedoch kann keine Garantie daf\u00fcr \u00fcbernommen werden, dass alle Angaben zu jeder Zeit vollst\u00e4ndig, richtig und in letzter Aktualit\u00e4t dargestellt sind. Dies gilt insbesondere f\u00fcr alle Verbindungen (&#8220;Links&#8221;) zu anderen Web Sites, auf die direkt oder indirekt verwiesen wird. Alle Angaben k\u00f6nnen ohne vorherige Ank\u00fcndigung erg\u00e4nzt, entfernt oder ge\u00e4ndert werden. Alle auf dieser Website genannten Produktnamen, Produktbezeichnungen und Logos sind eingetragene Warenzeichen und Eigentum der jeweiligen Rechteinhaber.<\/span><\/p>\n                    <p>Urheberrechte:<\/p>\n                    <p>I<span style=\"color: rgb(72, 72, 72); font-family: &quot;Trebuchet MS&quot;, Arial, Helvetica, sans-serif; font-size: 11.2px; font-weight: 400;\">Inhalte und Struktur dieser Webseiten sind urheberrechtlich gesch\u00fctzt. Die Verwendung von Inhalten oder Daten, insbesondere die Verwendung von Texten, Textteilen, Bildern, Logos, Grafikelementen usw. bedarf der vorherigen und ausdr\u00fccklichen schriftlichen Zustimmung der Dorfgemeinschaft Ottersberg e.V..<\/span><\/p>\n                    <p>\n                      <br>\n                    <\/p>\n                  <\/div>\n                <\/div>\n              <\/div>\n            <\/div>\n          <\/div>\n        <\/div>\n      <\/div>\n    <\/div>\n  <\/div>\n<\/div>","protected":false},"excerpt":{"rendered":"<p>Anschrift: Dorfgemeinschaft Ottersberg e.V. Michael Hirthammer An der Leiten 19a 85652 Pliening kontakt[at]dorfgemeinschaft-ottersberg.de www.dorfgemeinschaft-ottersberg.de Haftungshinweis: Trotz sorgf\u00e4ltiger inhaltlicher Kontrolle \u00fcbernehmen wir keine Haftung f\u00fcr die Inhalte externer Links. F\u00fcr den [&hellip;]<\/p>\n","protected":false},"author":1,"featured_media":0,"parent":0,"menu_order":0,"comment_status":"closed","ping_status":"closed","template":"page-templates\/full-width-page.php","meta":{"footnotes":""},"class_list":["post-128","page","type-page","status-publish","hentry"],"jetpack_sharing_enabled":true,"_links":{"self":[{"href":"https:\/\/dorfgemeinschaft-ottersberg.de\/index.php?rest_route=\/wp\/v2\/pages\/128","targetHints":{"allow":["GET"]}}],"collection":[{"href":"https:\/\/dorfgemeinschaft-ottersberg.de\/index.php?rest_route=\/wp\/v2\/pages"}],"about":[{"href":"https:\/\/dorfgemeinschaft-ottersberg.de\/index.php?rest_route=\/wp\/v2\/types\/page"}],"author":[{"embeddable":true,"href":"https:\/\/dorfgemeinschaft-ottersberg.de\/index.php?rest_route=\/wp\/v2\/users\/1"}],"replies":[{"embeddable":true,"href":"https:\/\/dorfgemeinschaft-ottersberg.de\/index.php?rest_route=%2Fwp%2Fv2%2Fcomments&post=128"}],"version-history":[{"count":7,"href":"https:\/\/dorfgemeinschaft-ottersberg.de\/index.php?rest_route=\/wp\/v2\/pages\/128\/revisions"}],"predecessor-version":[{"id":895,"href":"https:\/\/dorfgemeinschaft-ottersberg.de\/index.php?rest_route=\/wp\/v2\/pages\/128\/revisions\/895"}],"wp:attachment":[{"href":"https:\/\/dorfgemeinschaft-ottersberg.de\/index.php?rest_route=%2Fwp%2Fv2%2Fmedia&parent=128"}],"curies":[{"name":"wp","href":"https:\/\/api.w.org\/{rel}","templated":true}]}}