{"id":124,"date":"2022-03-18T20:29:56","date_gmt":"2022-03-18T20:29:56","guid":{"rendered":"https:\/\/dorfgemeinschaft-ottersberg.de\/?page_id=124"},"modified":"2025-03-07T19:04:41","modified_gmt":"2025-03-07T18:04:41","slug":"lindenfest","status":"publish","type":"page","link":"https:\/\/dorfgemeinschaft-ottersberg.de\/?page_id=124","title":{"rendered":"LINDENFEST"},"content":{"rendered":"<div class=\"style-211 style-local-124-c1 position-relative\" data-colibri-id=\"124-c1\">\n<div id=\"custom\" class=\"h-section h-section-global-spacing d-flex align-items-lg-center align-items-md-center align-items-center style-329 style-local-124-c2 position-relative\" data-colibri-component=\"section\" data-colibri-id=\"124-c2\">\n<div class=\"h-section-grid-container h-section-boxed-container\">\n<div class=\"h-row-container gutters-row-lg-2 gutters-row-md-2 gutters-row-0 gutters-row-v-lg-2 gutters-row-v-md-2 gutters-row-v-2 style-332 style-local-124-c3 position-relative\" data-colibri-id=\"124-c3\">\n<div class=\"h-row justify-content-lg-center justify-content-md-center justify-content-center align-items-lg-stretch align-items-md-stretch align-items-stretch gutters-col-lg-2 gutters-col-md-2 gutters-col-0 gutters-col-v-lg-2 gutters-col-v-md-2 gutters-col-v-2\">\n<div class=\"h-column h-column-container d-flex h-col-lg-auto h-col-md-auto h-col-auto style-333-outer style-local-124-c4-outer\">\n<div class=\"d-flex h-flex-basis h-column__inner h-px-lg-2 h-px-md-2 h-px-2 v-inner-lg-2 v-inner-md-2 v-inner-2 style-333 style-local-124-c4 position-relative\" data-colibri-id=\"124-c4\">\n<div class=\"w-100 h-y-container h-column__content h-column__v-align flex-basis-100 align-self-lg-start align-self-md-start align-self-start\">\n<div class=\"h-global-transition-all h-heading style-334 style-local-124-c5 position-relative h-element\" data-colibri-id=\"124-c5\">\n<div class=\"h-heading__outer style-334 style-local-124-c5\">\n<h1 class=\"\">Das Ottersberger Lindenfest<\/h1>\n<\/div>\n<\/div>\n<\/div>\n<\/div>\n<\/div>\n<\/div>\n<\/div>\n<div class=\"h-row-container gutters-row-lg-1 gutters-row-md-1 gutters-row-0 gutters-row-v-lg-1 gutters-row-v-md-1 gutters-row-v-1 style-335 style-local-124-c6 position-relative\" data-colibri-id=\"124-c6\">\n<div class=\"h-row justify-content-lg-center justify-content-md-center justify-content-center align-items-lg-stretch align-items-md-stretch align-items-stretch gutters-col-lg-1 gutters-col-md-1 gutters-col-0 gutters-col-v-lg-1 gutters-col-v-md-1 gutters-col-v-1\">\n<div class=\"h-column h-column-container d-flex h-col-lg-auto h-col-md-auto h-col-auto style-336-outer style-local-124-c7-outer\">\n<div class=\"d-flex h-flex-basis h-column__inner h-px-lg-3 h-px-md-3 h-px-3 v-inner-lg-3 v-inner-md-3 v-inner-3 style-336 style-local-124-c7 position-relative\" data-colibri-id=\"124-c7\">\n<div class=\"w-100 h-y-container h-column__content h-column__v-align flex-basis-100 align-self-lg-start align-self-md-start align-self-start\">\n<div class=\"h-lead h-text h-text-component style-337 style-local-124-c8 position-relative h-element\" data-colibri-id=\"124-c8\">\n<div class=\"\">\n\nEinmal im Jahr findet unser allseits beliebtes Lindenfest zur Erinnerung an die 1000-Jahr-Feier statt.\n\nDas Lindenfest, verbunden mit einem Kindernachmittag, ist nicht nur bei den Ottersberger:innen sehr beliebt,\n\nsondern zieht auch viele Besucher aus der n\u00e4heren (und manchmal auch weiteren) Umgebung an.\n\n<\/div>\n<\/div>\n<\/div>\n<\/div>\n<\/div>\n<\/div>\n<\/div>\n<div class=\"h-row-container gutters-row-lg-0 gutters-row-md-0 gutters-row-0 gutters-row-v-lg-0 gutters-row-v-md-0 gutters-row-v-0 style-340 style-local-124-c9 position-relative\" data-colibri-id=\"124-c9\">\n<div class=\"h-row justify-content-lg-center justify-content-md-center justify-content-center align-items-lg-stretch align-items-md-stretch align-items-stretch gutters-col-lg-0 gutters-col-md-0 gutters-col-0 gutters-col-v-lg-0 gutters-col-v-md-0 gutters-col-v-0\">\n<div class=\"h-column h-column-container d-flex h-col-lg-auto h-col-md-auto h-col-auto style-341-outer style-local-124-c10-outer\">\n<div class=\"d-flex h-flex-basis h-column__inner h-px-lg-2 h-px-md-2 h-px-2 v-inner-lg-2 v-inner-md-2 v-inner-2 style-341 style-local-124-c10 position-relative\" data-colibri-id=\"124-c10\">\n<div class=\"w-100 h-y-container h-column__content h-column__v-align flex-basis-100 align-self-lg-center align-self-md-center align-self-center\">\n<div class=\"h-text h-text-component style-342 style-local-124-c11 position-relative h-element\" data-colibri-id=\"124-c11\">\n<div class=\"\">\n\n<span style=\"font-weight: 300; font-size: 20px; font-family: 'Open Sans'; color: #868585;\">Unser n\u00e4chstes Lindenfest findet am<\/span>\n\n<span style=\"color: #002060; font-family: Quicksand, serif; font-size: 40.5pt;\">Samstag, den 05. Juli 2025<\/span>\n\n<span style=\"color: #868585; font-family: 'Open Sans'; font-size: 20px; font-weight: 300;\">statt.<\/span>\n\n<\/div>\n<\/div>\n<\/div>\n<\/div>\n<\/div>\n<\/div>\n<\/div>\n<div class=\"h-row-container gutters-row-lg-0 gutters-row-md-0 gutters-row-0 gutters-row-v-lg-2 gutters-row-v-md-2 gutters-row-v-2 style-403 style-local-124-c12 position-relative\" data-colibri-id=\"124-c12\">\n<div class=\"h-row justify-content-lg-center justify-content-md-center justify-content-center align-items-lg-stretch align-items-md-stretch align-items-stretch gutters-col-lg-0 gutters-col-md-0 gutters-col-0 gutters-col-v-lg-2 gutters-col-v-md-2 gutters-col-v-2\">\n<div class=\"h-column h-column-container d-flex h-col-lg-auto h-col-md-auto h-col-auto style-404-outer style-local-124-c13-outer\">\n<div class=\"d-flex h-flex-basis h-column__inner h-px-lg-0 h-px-md-0 h-px-0 v-inner-lg-0 v-inner-md-0 v-inner-0 style-404 style-local-124-c13 position-relative\" data-colibri-id=\"124-c13\">\n<div class=\"w-100 h-y-container h-column__content h-column__v-align flex-basis-100 align-self-lg-center align-self-md-center align-self-center\">\n<div class=\"d-block style-406 style-local-124-c14 position-relative h-element\" data-colibri-id=\"124-c14\">\n<div class=\"h-image__frame-container-outer\">\n<div class=\"h-image__frame-container\">\n\n<img decoding=\"async\" class=\"style-406-image style-local-124-c14-image\" src=\"https:\/\/dorfgemeinschaft-ottersberg.de\/wp-content\/uploads\/2022\/07\/2022_0702_234949002-1024x683.jpg\" \/>\n<div class=\"h-image__frame h-hide-lg h-hide-md h-hide-sm style-406-frameImage style-local-124-c14-frameImage\"><\/div>\n<\/div>\n<\/div>\n<\/div>\n<\/div>\n<\/div>\n<\/div>\n<\/div>\n<\/div>\n<div class=\"h-row-container gutters-row-lg-1 gutters-row-md-1 gutters-row-0 gutters-row-v-lg-1 gutters-row-v-md-1 gutters-row-v-1 style-330 style-local-124-c15 position-relative\" data-colibri-id=\"124-c15\">\n<div class=\"h-row justify-content-lg-center justify-content-md-center justify-content-center align-items-lg-stretch align-items-md-stretch align-items-stretch gutters-col-lg-1 gutters-col-md-1 gutters-col-0 gutters-col-v-lg-1 gutters-col-v-md-1 gutters-col-v-1\">\n<div class=\"h-column h-column-container d-flex h-col-lg-auto h-col-md-auto h-col-auto style-331-outer style-local-124-c16-outer\">\n<div class=\"d-flex h-flex-basis h-column__inner h-px-lg-3 h-px-md-3 h-px-3 v-inner-lg-3 v-inner-md-3 v-inner-3 style-331 style-local-124-c16 position-relative\" data-colibri-id=\"124-c16\">\n<div class=\"w-100 h-y-container h-column__content h-column__v-align flex-basis-100 align-self-lg-start align-self-md-start align-self-start\">\n<div class=\"h-text h-text-component style-343 style-local-124-c17 position-relative h-element\" data-colibri-id=\"124-c17\">\n<div class=\"\">\n\n<span style=\"font-weight: 300; font-size: 20px; font-family: 'Open Sans'; color: #868585;\">F\u00fcr musikalische Unterhaltung sowie das leibliche Wohl ist wie immer bestens gesorgt.\nWir w\u00fcrden uns freuen, Sie ab 16:00 Uhr an der Dorflinde auf ein paar sch\u00f6ne Stunden begr\u00fc\u00dfen zu d\u00fcrfen.<\/span>\n\n<span style=\"font-weight: 300; font-size: 20px; font-family: 'Open Sans'; color: #868585;\">Wie immer findet traditionell im Voraus das Kinderfest f\u00fcr alle Ottersberger Kinder statt.<\/span>\n\n<\/div>\n<\/div>\n<div class=\"h-lead h-text h-text-component style-344 style-local-124-c18 position-relative h-element\" data-colibri-id=\"124-c18\">\n<div class=\"\"><\/div>\n<\/div>\n<\/div>\n<\/div>\n<\/div>\n<\/div>\n<\/div>\n<\/div>\n<\/div>\n<\/div>","protected":false},"excerpt":{"rendered":"<p>Das Ottersberger Lindenfest Einmal im Jahr findet unser allseits beliebtes Lindenfest zur Erinnerung an die 1000-Jahr-Feier statt. Das Lindenfest, verbunden mit einem Kindernachmittag, ist nicht nur bei den Ottersberger:innen sehr [&hellip;]<\/p>\n","protected":false},"author":1,"featured_media":0,"parent":0,"menu_order":0,"comment_status":"closed","ping_status":"closed","template":"page-templates\/full-width-page.php","meta":{"footnotes":""},"class_list":["post-124","page","type-page","status-publish","hentry"],"jetpack_sharing_enabled":true,"_links":{"self":[{"href":"https:\/\/dorfgemeinschaft-ottersberg.de\/index.php?rest_route=\/wp\/v2\/pages\/124","targetHints":{"allow":["GET"]}}],"collection":[{"href":"https:\/\/dorfgemeinschaft-ottersberg.de\/index.php?rest_route=\/wp\/v2\/pages"}],"about":[{"href":"https:\/\/dorfgemeinschaft-ottersberg.de\/index.php?rest_route=\/wp\/v2\/types\/page"}],"author":[{"embeddable":true,"href":"https:\/\/dorfgemeinschaft-ottersberg.de\/index.php?rest_route=\/wp\/v2\/users\/1"}],"replies":[{"embeddable":true,"href":"https:\/\/dorfgemeinschaft-ottersberg.de\/index.php?rest_route=%2Fwp%2Fv2%2Fcomments&post=124"}],"version-history":[{"count":20,"href":"https:\/\/dorfgemeinschaft-ottersberg.de\/index.php?rest_route=\/wp\/v2\/pages\/124\/revisions"}],"predecessor-version":[{"id":1080,"href":"https:\/\/dorfgemeinschaft-ottersberg.de\/index.php?rest_route=\/wp\/v2\/pages\/124\/revisions\/1080"}],"wp:attachment":[{"href":"https:\/\/dorfgemeinschaft-ottersberg.de\/index.php?rest_route=%2Fwp%2Fv2%2Fmedia&parent=124"}],"curies":[{"name":"wp","href":"https:\/\/api.w.org\/{rel}","templated":true}]}}

<div class="style-211 style-local-124-c1 position-relative" data-colibri-id="124-c1">
<div id="custom" class="h-section h-section-global-spacing d-flex align-items-lg-center align-items-md-center align-items-center style-329 style-local-124-c2 position-relative" data-colibri-component="section" data-colibri-id="124-c2">
<div class="h-section-grid-container h-section-boxed-container">
<div class="h-row-container gutters-row-lg-2 gutters-row-md-2 gutters-row-0 gutters-row-v-lg-2 gutters-row-v-md-2 gutters-row-v-2 style-332 style-local-124-c3 position-relative" data-colibri-id="124-c3">
<div class="h-row justify-content-lg-center justify-content-md-center justify-content-center align-items-lg-stretch align-items-md-stretch align-items-stretch gutters-col-lg-2 gutters-col-md-2 gutters-col-0 gutters-col-v-lg-2 gutters-col-v-md-2 gutters-col-v-2">
<div class="h-column h-column-container d-flex h-col-lg-auto h-col-md-auto h-col-auto style-333-outer style-local-124-c4-outer">
<div class="d-flex h-flex-basis h-column__inner h-px-lg-2 h-px-md-2 h-px-2 v-inner-lg-2 v-inner-md-2 v-inner-2 style-333 style-local-124-c4 position-relative" data-colibri-id="124-c4">
<div class="w-100 h-y-container h-column__content h-column__v-align flex-basis-100 align-self-lg-start align-self-md-start align-self-start">
<div class="h-global-transition-all h-heading style-334 style-local-124-c5 position-relative h-element" data-colibri-id="124-c5">
<div class="h-heading__outer style-334 style-local-124-c5">
<h1 class="">Das Ottersberger Lindenfest</h1>
</div>
</div>
</div>
</div>
</div>
</div>
</div>
<div class="h-row-container gutters-row-lg-1 gutters-row-md-1 gutters-row-0 gutters-row-v-lg-1 gutters-row-v-md-1 gutters-row-v-1 style-335 style-local-124-c6 position-relative" data-colibri-id="124-c6">
<div class="h-row justify-content-lg-center justify-content-md-center justify-content-center align-items-lg-stretch align-items-md-stretch align-items-stretch gutters-col-lg-1 gutters-col-md-1 gutters-col-0 gutters-col-v-lg-1 gutters-col-v-md-1 gutters-col-v-1">
<div class="h-column h-column-container d-flex h-col-lg-auto h-col-md-auto h-col-auto style-336-outer style-local-124-c7-outer">
<div class="d-flex h-flex-basis h-column__inner h-px-lg-3 h-px-md-3 h-px-3 v-inner-lg-3 v-inner-md-3 v-inner-3 style-336 style-local-124-c7 position-relative" data-colibri-id="124-c7">
<div class="w-100 h-y-container h-column__content h-column__v-align flex-basis-100 align-self-lg-start align-self-md-start align-self-start">
<div class="h-lead h-text h-text-component style-337 style-local-124-c8 position-relative h-element" data-colibri-id="124-c8">
<div class="">

Einmal im Jahr findet unser allseits beliebtes Lindenfest zur Erinnerung an die 1000-Jahr-Feier statt.

Das Lindenfest, verbunden mit einem Kindernachmittag, ist nicht nur bei den Ottersberger:innen sehr beliebt,

sondern zieht auch viele Besucher aus der näheren (und manchmal auch weiteren) Umgebung an.

</div>
</div>
</div>
</div>
</div>
</div>
</div>
<div class="h-row-container gutters-row-lg-0 gutters-row-md-0 gutters-row-0 gutters-row-v-lg-0 gutters-row-v-md-0 gutters-row-v-0 style-340 style-local-124-c9 position-relative" data-colibri-id="124-c9">
<div class="h-row justify-content-lg-center justify-content-md-center justify-content-center align-items-lg-stretch align-items-md-stretch align-items-stretch gutters-col-lg-0 gutters-col-md-0 gutters-col-0 gutters-col-v-lg-0 gutters-col-v-md-0 gutters-col-v-0">
<div class="h-column h-column-container d-flex h-col-lg-auto h-col-md-auto h-col-auto style-341-outer style-local-124-c10-outer">
<div class="d-flex h-flex-basis h-column__inner h-px-lg-2 h-px-md-2 h-px-2 v-inner-lg-2 v-inner-md-2 v-inner-2 style-341 style-local-124-c10 position-relative" data-colibri-id="124-c10">
<div class="w-100 h-y-container h-column__content h-column__v-align flex-basis-100 align-self-lg-center align-self-md-center align-self-center">
<div class="h-text h-text-component style-342 style-local-124-c11 position-relative h-element" data-colibri-id="124-c11">
<div class="">

<span style="font-weight: 300; font-size: 20px; font-family: 'Open Sans'; color: #868585;">Unser nächstes Lindenfest findet am</span>

<span style="color: #002060; font-family: Quicksand, serif; font-size: 40.5pt;">Samstag, den 05. Juli 2025</span>

<span style="color: #868585; font-family: 'Open Sans'; font-size: 20px; font-weight: 300;">statt.</span>

</div>
</div>
</div>
</div>
</div>
</div>
</div>
<div class="h-row-container gutters-row-lg-0 gutters-row-md-0 gutters-row-0 gutters-row-v-lg-2 gutters-row-v-md-2 gutters-row-v-2 style-403 style-local-124-c12 position-relative" data-colibri-id="124-c12">
<div class="h-row justify-content-lg-center justify-content-md-center justify-content-center align-items-lg-stretch align-items-md-stretch align-items-stretch gutters-col-lg-0 gutters-col-md-0 gutters-col-0 gutters-col-v-lg-2 gutters-col-v-md-2 gutters-col-v-2">
<div class="h-column h-column-container d-flex h-col-lg-auto h-col-md-auto h-col-auto style-404-outer style-local-124-c13-outer">
<div class="d-flex h-flex-basis h-column__inner h-px-lg-0 h-px-md-0 h-px-0 v-inner-lg-0 v-inner-md-0 v-inner-0 style-404 style-local-124-c13 position-relative" data-colibri-id="124-c13">
<div class="w-100 h-y-container h-column__content h-column__v-align flex-basis-100 align-self-lg-center align-self-md-center align-self-center">
<div class="d-block style-406 style-local-124-c14 position-relative h-element" data-colibri-id="124-c14">
<div class="h-image__frame-container-outer">
<div class="h-image__frame-container">

<img decoding="async" class="style-406-image style-local-124-c14-image" src="https://dorfgemeinschaft-ottersberg.de/wp-content/uploads/2022/07/2022_0702_234949002-1024x683.jpg" />
<div class="h-image__frame h-hide-lg h-hide-md h-hide-sm style-406-frameImage style-local-124-c14-frameImage"></div>
</div>
</div>
</div>
</div>
</div>
</div>
</div>
</div>
<div class="h-row-container gutters-row-lg-1 gutters-row-md-1 gutters-row-0 gutters-row-v-lg-1 gutters-row-v-md-1 gutters-row-v-1 style-330 style-local-124-c15 position-relative" data-colibri-id="124-c15">
<div class="h-row justify-content-lg-center justify-content-md-center justify-content-center align-items-lg-stretch align-items-md-stretch align-items-stretch gutters-col-lg-1 gutters-col-md-1 gutters-col-0 gutters-col-v-lg-1 gutters-col-v-md-1 gutters-col-v-1">
<div class="h-column h-column-container d-flex h-col-lg-auto h-col-md-auto h-col-auto style-331-outer style-local-124-c16-outer">
<div class="d-flex h-flex-basis h-column__inner h-px-lg-3 h-px-md-3 h-px-3 v-inner-lg-3 v-inner-md-3 v-inner-3 style-331 style-local-124-c16 position-relative" data-colibri-id="124-c16">
<div class="w-100 h-y-container h-column__content h-column__v-align flex-basis-100 align-self-lg-start align-self-md-start align-self-start">
<div class="h-text h-text-component style-343 style-local-124-c17 position-relative h-element" data-colibri-id="124-c17">
<div class="">

<span style="font-weight: 300; font-size: 20px; font-family: 'Open Sans'; color: #868585;">Für musikalische Unterhaltung sowie das leibliche Wohl ist wie immer bestens gesorgt.
Wir würden uns freuen, Sie ab 16:00 Uhr an der Dorflinde auf ein paar schöne Stunden begrüßen zu dürfen.</span>

<span style="font-weight: 300; font-size: 20px; font-family: 'Open Sans'; color: #868585;">Wie immer findet traditionell im Voraus das Kinderfest für alle Ottersberger Kinder statt.</span>

</div>
</div>
<div class="h-lead h-text h-text-component style-344 style-local-124-c18 position-relative h-element" data-colibri-id="124-c18">
<div class=""></div>
</div>
</div>
</div>
</div>
</div>
</div>
</div>
</div>
</div>
